is the highest common divisor of 578797 and 2079930?
779
Calculate the greatest common divisor of 4160 and 3626935.
65
Calculate the greatest common divisor of 3 and 12117921.
3
What is the greatest common divisor of 5649 and 3145417?
269
Calculate the highest common divisor of 169 and 753506.
13
Calculate the greatest common factor of 3668236 and 1001.
143
Calculate the greatest common factor of 96 and 723063756.
12
What is the highest common factor of 30278100 and 6?
6
What is the highest common divisor of 1790 and 12774514?
358
What is the highest common factor of 1222 and 2191566?
26
Calculate the greatest common divisor of 464 and 91660.
4
What is the highest common factor of 1850 and 82415650?
1850
What is the greatest common factor of 18897900 and 6300?
2100
What is the greatest common factor of 4263141 and 153?
51
Calculate the highest common divisor of 10 and 325429090.
10
What is the highest common divisor of 120885706 and 1588?
794
What is the greatest common divisor of 9556872 and 14664?
312
What is the greatest common divisor of 69 and 50187219?
69
Calculate the highest common factor of 16455505 and 110.
55
What is the highest common factor of 1274670 and 1026?
54
Calculate the greatest common factor of 1991283 and 15.
3
What is the greatest common factor of 1250 and 177450?
50
What is the greatest common divisor of 38215280 and 21320?
1640
Calculate the highest common divisor of 209 and 10669076.
11
Calculate the highest common divisor of 181923150 and 164.
82
What is the highest common divisor of 5 and 46430000?
5
Calculate the highest common divisor of 44 and 2247673.
1
What is the highest common factor of 576 and 147429?
9
What is the highest common factor of 171090 and 49830?
30
What is the greatest common divisor of 6628148 and 22?
2
Calculate the highest common divisor of 1701 and 26379837.
243
Calculate the greatest common factor of 707 and 1057896.
7
Calculate the greatest common factor of 2640 and 10752.
48
Calculate the greatest common factor of 1680770 and 13910.
130
Calculate the highest common divisor of 387873 and 58433.
71
Calculate the highest common factor of 117 and 6135415.
13
Calculate the highest common divisor of 1042 and 292250261.
521
Calculate the greatest common divisor of 1502696 and 73112.
104
Calculate the greatest common factor of 15658972 and 45172.
1964
Calculate the highest common divisor of 14117 and 16853.
19
Calculate the highest common factor of 4809 and 870578079.
4809
Calculate the greatest common factor of 13825726 and 289.
17
What is the greatest common divisor of 822876 and 88125?
141
Calculate the greatest common factor of 260 and 181430990.
130
Calculate the greatest common factor of 165 and 87382455.
15
Calculate the greatest common factor of 91350 and 505035.
1305
What is the greatest common divisor of 6374940 and 40?
20
Calculate the greatest common divisor of 2331475 and 7294.
521
Calculate the greatest common divisor of 102384377 and 27213.
9071
What is the greatest common divisor of 376 and 8744?
8
What is the greatest common factor of 165315 and 21135?
15
Calculate the highest common divisor of 79 and 33595303.
79
What is the highest common factor of 28102667 and 212?
53
What is the greatest common factor of 4693 and 204364?
19
What is the greatest common divisor of 1908 and 314844804?
1908
Calculate the highest common divisor of 1079381 and 204.
17
What is the greatest common divisor of 289842 and 42642?
618
What is the greatest common factor of 2154247 and 4571?
653
Calculate the greatest common divisor of 38150480 and 3963.
1321
Calculate the highest common divisor of 29183 and 28761931.
4169
Calculate the greatest common divisor of 198099 and 3202727.
253
Calculate the greatest common factor of 341 and 8995932.
11
What is the greatest common divisor of 649 and 290617657?
649
Calculate the highest common divisor of 9 and 6385563.
9
Calculate the highest common divisor of 1224 and 67732488.
1224
Calculate the highest common factor of 15 and 80384970.
15
Calculate the highest common divisor of 21685 and 4565.
5
What is the greatest common factor of 570 and 8050680?
570
What is the highest common divisor of 1345356 and 196?
4
Calculate the highest common factor of 723104 and 26810.
766
What is the greatest common divisor of 36781908 and 24?
12
What is the highest common divisor of 7206444 and 12?
12
Calculate the greatest common factor of 5349048647 and 73.
73
Calculate the greatest common factor of 10 and 928355.
5
Calculate the greatest common divisor of 170235362 and 19118.
1738
Calculate the greatest common divisor of 9543 and 85374859.
3181
Calculate the greatest common divisor of 37794667 and 19.
19
Calculate the greatest common divisor of 3199116 and 161.
23
Calculate the highest common factor of 22 and 2683812494.
22
What is the greatest common divisor of 3 and 1000206531?
3
What is the greatest common factor of 182 and 159662321?
91
What is the highest common divisor of 3325665 and 49?
7
Calculate the highest common divisor of 3499776 and 15876.
1764
Calculate the greatest common factor of 692 and 5875426.
346
What is the highest common factor of 1573 and 4687540?
1573
What is the greatest common factor of 290128 and 5424?
16
What is the highest common divisor of 12470 and 4383506?
86
Calculate the highest common divisor of 5631508 and 112.
4
Calculate the greatest common divisor of 79646 and 57246.
14
Calculate the greatest common factor of 18 and 112130721.
9
What is the highest common divisor of 33 and 2157551?
11
Calculate the highest common factor of 1654202 and 37862.
22
What is the highest common divisor of 1562 and 17844002?
22
Calculate the highest common factor of 11195150 and 800.
50
What is the highest common factor of 925 and 4756387?
37
What is the greatest common factor of 1612262 and 10144?
634
What is the greatest common divisor of 5945970 and 3666?
282
What is the highest common factor of 10850 and 336604975?
5425
Calculate the greatest common divisor of 537302688 and 78.
78
Calculate the greatest common factor of 12 and 44712816.
12
What is the highest common divisor of 4244 and 77204726?
2122
What is the highest common divisor of 71019 and 45?
9
What is the highest common divisor of 1716 and 1008436?
572
What is the highest common factor of 285488784 and 84?
84
Calculate the highest common divisor of 20423846 and 14916.
226
Calculate the highest common divisor of 2069725 and 917.
7
Calculate the highest common factor of 21195 and 288723.
471
Calculate the highest common divisor of 13198339 and 121.
11
Calculate the highest common factor of 43153 and 48290.
11
Calculate the greatest common factor of 3272 and 1188145.
409
What is the greatest common divisor of 884327307 and 1317?
1317
Calculate the greatest common factor of 363 and 224423540.
121
Calculate the highest common factor of 3830507 and 779.
41
What is the greatest common factor of 70593646 and 2118?
706
What is the highest common divisor of 753516 and 2700?
108
What is the highest common divisor of 36 and 2286728082?
18
Calculate the highest common divisor of 13 and 1463689513.
13
What is the greatest common factor of 26174 and 254633?
23
What is the greatest common divisor of 2 and 172395466?
2
What is the highest common factor of 34951 and 387022409?
4993
Calculate the greatest common factor of 78250530 and 165.
15
Calculate the greatest common factor of 40 and 1220980.
20
Calculate the highest common factor of 264962139 and 3588.
897
What is the greatest common divisor of 7083 and 92946?
3
Calculate the greatest common divisor of 21837303 and 225.
9
What is the greatest common factor of 39412 and 2102642?
118
What is the highest common divisor of 3854 and 1303434362?
3854
Calculate the greatest common factor of 57 and 43738817.
19
Calculate the highest common divisor of 42749 and 519281.
217
What is the greatest common factor of 35 and 40998909?
7
Calculate the greatest common divisor of 107156 and 356.
356
What is the greatest common factor of 60756997 and 17612?
4403
What is the greatest common divisor of 7711780 and 340?
20
Calculate the greatest common divisor of 510 and 93416910.
30
What is the highest common divisor of 35190 and 847320?
690
Calculate the highest common factor of